2 - h. What are the prime factors of d?
2, 3, 37
Let i be 6 + 5 + (3/3 - 2). Suppose -i + 8 = s. List the prime factors of ((-636)/8 + -2)/(1/s).
163
Let r = -2330 + 3552. Let c = r - 436. What are the prime factors of c?
2, 3, 131
List the prime factors of (5 - -7161) + (3 - 10).
7159
Suppose -11*p = -12 - 54. Suppose -4*f + 220 = p*f. List the prime factors of f.
2, 11
Let d(q) = -529*q + 849. List the prime factors of d(0).
3, 283
Let a(l) = 5*l - 20. Let q be a(16). Suppose 61*i + 3 = q*i. What are the prime factors of (-63)/i - (3 + 1)?
17
Let i be 9 + (2 - -2) - 1. Let w be (-3)/6 + (-42)/i. List the prime factors of w/(-2) + (68 - -3).
73
Let s(c) = 18*c**2 + 28*c - 265. List the prime factors of s(31).
3, 13, 17
Let c(y) = 172*y + 52. Let i be c(-8). Let o = i + 2188. What are the prime factors of o?
2, 3
Suppose 72131 + 17413 = 14*n. Suppose -5*x - 5*h = -7985, -4*h = -x - 3*x + n. What are the prime factors of x?
2, 17, 47
Let f = 34 + -40. Let y be 40*((-48)/10)/f. Suppose -5*c = -447 + y. What are the prime factors of c?
83
Suppose 3*k - 2*v + 6 = -k, 3*k + 5*v + 11 = 0. Let d(u) = -141*u - 12. What are the prime factors of d(k)?
2, 3, 5
Let f(z) = -464*z + 1873. What are the prime factors of f(-84)?
40849
Let g(l) = 2*l**2 - 5*l. Let c = -105 - -105. Let h be g(c). Suppose 3*q - 2*r - 504 = -0*r, -5*q + 2*r + 840 = h. What are the prime factors of q?
2, 3, 7
Suppose v + 1 = 0, -3*u = -2*v + 3*v + 1. Let f be 6/(-6) - 27/(-9). Suppose -5*h - f*x + 47 = 0, u*x - 17 = -2*h + x. What are the prime factors of h?
3
Let t(m) = m**3 - 10*m**2 + 15*m - 14. Let w = 8 - 5. Let y be 3/((-5)/w - -2). List the prime factors of t(y).
2, 5
Let k be (980/(-21))/(10/(-15)). Suppose 66*p = k*p - 456. List the prime factors of p.
2, 3, 19
Let y(p) = 299*p + 1. Let m be (3 - (-27)/(-12))*4. Let f be y(m). List the prime factors of 5 + 168/(-35) + f/10.
2, 3, 5
Let n = 180 + -243. List the prime factors of 24*3/(n/(-28)).
2
Suppose 3*r + 5360 = -2*n + 1020, 5*n = -3*r - 4334. Let q = r + 2787. What are the prime factors of q?
13, 103
Suppose -4*w + 33 = -3*w. Suppose 5*m - w = 3*l - 13, 40 = -5*l + 5*m. List the prime factors of (l*20 - 2)*(-13)/13.
2, 101
Suppose 1939 = -136*r + 129*r. Let i = -24 - -49. List the prime factors of (i/5 - r) + -5.
277
Let c(t) = -20*t - 12. Let n be c(-6). Let i = n - 106. Suppose -4*m - 151 = -v, -5*m + 140 - 454 = -i*v. What are the prime factors of v?
167
What are the prime factors of 1/(32/8240)*(307 - 9)?
5, 103, 149
Let x(b) = -2*b**2 + 79*b + 44. Let l be x(40). Suppose 0 = l*f - 866 - 178. List the prime factors of f.
3, 29
Let n = 557 + -9. Suppose -4*u = -3*u - 5*i - 548, i - n = -u. What are the prime factors of u?
2, 137
Suppose -5*t - 12 = -5*d + d, t = -3*d + 9. Suppose 7 = -t*k + 2*k - h, -2*k + 4*h + 16 = 0. What are the prime factors of 117/k*20/15?
2, 3, 13
Let a = 7807 - -1648. List the prime factors of a.
5, 31, 61
Suppose z + 0*z - 224 = -2*h, 0 = z - 3*h - 204. Suppose 5*u + j - 251 = 0, -6*u + 3*j + z = -2*u. List the prime factors of (0/1 + 21)*238/u.
2, 7
Suppose 5*w = 3*t - 167622 + 63576, 693640 = 20*t + 2*w. List the prime factors of t.
2, 17341
Suppose -24868 = -5*d - q - 2*q, -16 = 4*q. Suppose 0 = 3*t + 1576 + d. List the prime factors of (-6)/(-9) - t/18.
2, 61
Let m = -382 - -377. List the prime factors of m*((-1752)/14)/((-55)/(-77)).
2, 3, 73
Suppose g = d + 24798 + 1098, -129438 = -5*g - d. List the prime factors of g.
25889
Suppose -2*f - 3*v = -0*f - 9, -5*f + 3*v = -75. Let w(m) = -18*m + m + 17 + 10*m + 7*m + 7*m. What are the prime factors of w(f)?
101
Let c(r) = 2*r + 2. Let z be -2*(-4)/4 + -2. Let m be c(z). Suppose -m*s + 573 = s. What are the prime factors of s?
191
Let s be ((1 + 1)/(-4))/((-9)/(-36)). Let f be ((-440)/5)/1*7/s. Let w = f - 134. List the prime factors of w.
2, 3, 29
Let o = 2 + 2. Let h(i) be the third derivative of i**4/4 - i**3/2 + 861*i**2. List the prime factors of h(o).
3, 7
Let y(n) = 748*n + 605. What are the prime factors of y(6)?
11, 463
Let c(n) = 3*n - 4. Suppose q - 8 = l - q, -2*l = 5*q - 29. Let a be c(l). What are the prime factors of a - -57 - (-8)/2?
3, 7
Suppose -14*r + 523392 - 170452 = 0. What are the prime factors of r?
2, 5, 2521
Let m(v) = 19*v - 9. Let f be m(1). Suppose 13 + 27 = f*n. Suppose 3*s = -n*l + 283 + 60, 3*s = l + 353. List the prime factors of s.
3, 13
Let h = -102 - -104. Suppose -h*y + 1 = -3. Suppose 0 = -y*c + 417 - 83. What are the prime factors of c?
167
Suppose -2*c = -4*v - 2044, 4*c - 5143 + 1085 = -2*v. List the prime factors of (0 - -1) + 9/(18/c).
509
Suppose 23*y - 24*y = -23. Let w(p) = p**3 - 24*p**2 + 22*p + 22. Let o be w(y). Let q(u) = 6*u**2 - 3*u - 4. List the prime factors of q(o).
5
Suppose 9*y - 8587 = 10916. Let r = y - 1253. What are the prime factors of r?
2, 457
What are the prime factors of (-8)/4 - ((3 - 5) + -366)?
2, 3, 61
Suppose 0 = -2*p - p + 15, -2*p + 25 = a. Let y = 12 - a. List the prime factors of (-44)/2*(-7 - y).
2, 11
Suppose -2*n - 17 - 85 = 4*o, 3*o = -n - 76. Let k = -15 - o. Let t(r) = 7*r - 6. What are the prime factors of t(k)?
2
Suppose 10 = -2*b + 2*k, -5*b = -2*k + 7 + 12. Let z be (666/b)/((-10)/5) - 3. What are the prime factors of 1/(-4) + 20223/z?
11, 17
Let o(w) = w**2 - 41. Let t be o(0). Let v be (1122/4)/17*2. Let g = v - t. What are the prime factors of g?
2, 37
Let h(t) = 26*t**3 + t**2 - 2*t - 5. Let k be h(-2). Let i = k + 439. List the prime factors of i.
2, 3, 13
Let f(i) = i**3 + 5*i**2 + 2. Let k be f(-4). Suppose -2*h = 2*b + h + 8, -k = b + 5*h. Suppose -2*v = -2, d - 29 = 3*v + b*v. List the prime factors of d.
2, 17
Suppose -4*w + 5*w + 13 = -3*b, -2*b - 3*w = 18. Let r be b + (8/1 - 1*2). What are the prime factors of 58 + (-2)/((4 - r) + -3)?
59
Let k(u) = -5*u + 10. Let j = 6 + -1. Suppose 5*m + j = 0, 2*m + 0*m - 70 = 4*r. What are the prime factors of k(r)?
2, 5
Suppose 13*q - 24 = 2. Suppose -q*j = -8 - 0. Suppose 0 = -2*b + 5*n + 254, j*b + n - 52 - 456 = 0. List the prime factors of b.
127
Suppose 3*o - 15286 = -5*a + 11898, -27179 = -3*o - 4*a. List the prime factors of o.
11, 823
Suppose 15*m - 32*m + 104865 = -2*m. What are the prime factors of m?
6991
Let r = -18 + 0. Let d = r - 9. Let b = 48 - d. What are the prime factors of b?
3, 5
Let l(y) be the second derivative of 69*y**3/2 - 24*y**2 - 111*y. What are the prime factors of l(4)?
2, 3, 5, 13
Suppose -g = -4*g - c + 43, 2*c + 31 = 3*g. Suppose -4*y = y - 2*a + 119, -y + 4*a = g. Let w = 0 - y. List the prime factors of w.
5
Suppose -7*c + 5*m + 201 = -3*c, -4*m = 5*c - 200. Suppose 49*d = c*d + 10695. Suppose 253 = 8*g - d. List the prime factors of g.
13, 23
Let s(p) = 25*p**3 - p**2 - 3*p - 1. Let k(o) = 6*o**3 - o. Let l(n) = 9*k(n) - 2*s(n). Suppose m - 8 + 6 = 0. List the prime factors of l(m).
2, 3
Let d = -7746 + 28464. List the prime factors of d.
2, 3, 1151
Let z = 105 + -96. Suppose z*v = 908 - 17. What are the prime factors of v?
3, 11
Let s(a) = 3207*a**3 + 16*a**2 - 35*a + 6. What are the prime factors of s(2)?
2, 3, 1069
Let q = -96 + 95. Let r be (133/57)/(4/(-3) + 1). What are the prime factors of q*(r/((-14)/8) + -29)?
5
Let g = -423 - -431. Suppose -g*t - 22005 = -35*t. What are the prime factors of t?
5, 163
Let k(s) = 25*s - 6. Suppose 12 = 4*m + 5*a - 16, -35 = -5*m + a. Suppose n - m = -4. List the prime factors of k(n).
3, 23
Suppose 0 = -3*l - 2*c + 28236 + 60454, 147820 = 5*l + 5*c. List the prime factors of l.
2, 3, 13, 379
Suppose 4*r + 7 = 27. Suppose r*m - 7*m = -8. Let n(k) = 3*k**3 - 7*k**2 + 3*k + 1. What are the prime factors of n(m)?
3, 31
Let y be 122870/5 + -4 - 0. Suppose 51*k - y = -3*k. What are the prime factors of k?
5, 7, 13
Suppose 3*z - 7*l + 4*l + 7002 = 0, -2*z = 2*l + 4664. Let m = -765 - z. What are the prime factors of m?
2, 7
Suppose -413 = -3*t + 5*j, -3*j + 260 = 3*t - 193. Suppose 0 = -q + 5*u + 81, 7*q - 229 = 3*q + u. Let y = t - q. List the prime factors of y.
2, 3, 5
Suppose -7*k = -k - 6882. Suppose -4391 = -13*a + k. List the prime factors of a.
2, 3, 71
Suppose -4*a - 199 = -47. Let l = a + 42. Suppose 2*o + 2*d = 186, 0*d - l*d + 194 = 2*o. What are the prime factors of o?
89
Let g be (-40 + 68)/(1 - -1). Let i = 322 - 